2.
12
Calculate the greatest common divisor of 14 and 658.
14
What is the highest common divisor of 1245 and 60?
15
What is the greatest common factor of 888 and 48?
24
Calculate the highest common divisor of 2107 and 98.
49
What is the highest common factor of 48 and 276?
12
Calculate the highest common factor of 1040 and 1360.
80
Calculate the greatest common divisor of 10 and 130.
10
Calculate the greatest common factor of 42 and 70.
14
What is the greatest common divisor of 13 and 68?
1
Calculate the greatest common divisor of 9553 and 82.
41
Calculate the highest common factor of 432 and 270.
54
What is the greatest common divisor of 165 and 285?
15
Calculate the highest common factor of 430 and 90.
10
What is the highest common factor of 12727 and 143?
143
What is the greatest common divisor of 2527 and 399?
133
What is the highest common divisor of 899 and 261?
29
What is the greatest common divisor of 195 and 455?
65
What is the greatest common divisor of 20 and 820?
20
Calculate the greatest common divisor of 48 and 1572.
12
Calculate the greatest common factor of 64 and 21504.
64
What is the greatest common divisor of 3973 and 137?
137
Calculate the highest common factor of 47 and 29.
1
What is the highest common factor of 704 and 15224?
88
Calculate the greatest common factor of 6 and 24.
6
Calculate the greatest common factor of 45 and 8595.
45
What is the greatest common factor of 5 and 10?
5
What is the greatest common factor of 242 and 110?
22
Calculate the highest common divisor of 33 and 308.
11
Calculate the highest common divisor of 24 and 42.
6
What is the highest common factor of 126 and 189?
63
Calculate the greatest common divisor of 16 and 15016.
8
Calculate the greatest common factor of 952 and 84.
28
What is the greatest common factor of 47628 and 196?
196
Calculate the highest common divisor of 30 and 33.
3
Calculate the greatest common factor of 154 and 56.
14
What is the highest common factor of 41652 and 104?
52
Calculate the greatest common divisor of 9 and 1593.
9
Calculate the highest common factor of 1056 and 132.
132
Calculate the highest common divisor of 29 and 783.
29
Calculate the greatest common divisor of 370 and 10.
10
What is the highest common divisor of 8 and 56?
8
Calculate the highest common factor of 153 and 323.
17
Calculate the greatest common divisor of 288 and 90.
18
What is the highest common divisor of 64 and 112?
16
What is the highest common divisor of 3232 and 1717?
101
What is the highest common factor of 4100 and 80?
20
What is the greatest common divisor of 126 and 3360?
42
Calculate the highest common divisor of 9 and 279.
9
Calculate the greatest common factor of 161 and 7.
7
What is the highest common factor of 112 and 64?
16
What is the highest common factor of 1357 and 177?
59
Calculate the highest common divisor of 17141 and 244.
61
What is the highest common factor of 319 and 1392?
29
What is the highest common divisor of 11 and 187?
11
What is the highest common divisor of 5761 and 63?
7
What is the greatest common factor of 49 and 28?
7
What is the greatest common factor of 118 and 2?
2
Calculate the greatest common divisor of 245 and 15.
5
What is the highest common divisor of 16757 and 39?
13
What is the greatest common factor of 16 and 768?
16
What is the highest common factor of 170 and 136?
34
Calculate the highest common divisor of 7 and 5061.
7
What is the highest common factor of 16260 and 180?
60
What is the greatest common factor of 12 and 16548?
12
Calculate the greatest common divisor of 70 and 30.
10
Calculate the highest common divisor of 13 and 2795.
13
What is the highest common factor of 63 and 9297?
9
Calculate the highest common factor of 87 and 33.
3
What is the highest common factor of 13 and 325?
13
What is the highest common divisor of 312 and 663?
39
Calculate the greatest common factor of 18 and 738.
18
What is the greatest common divisor of 45 and 1905?
15
Calculate the highest common divisor of 18 and 1578.
6
Calculate the greatest common factor of 11008 and 172.
172
Calculate the highest common divisor of 91 and 299.
13
Calculate the highest common factor of 90 and 350.
10
Calculate the highest common divisor of 240 and 195.
15
What is the highest common divisor of 525 and 150?
75
Calculate the highest common factor of 3 and 200.
1
Calculate the greatest common divisor of 665 and 1026.
19
Calculate the highest common factor of 10579 and 149.
149
Calculate the highest common divisor of 38 and 13034.
38
Calculate the greatest common factor of 567 and 243.
81
What is the highest common divisor of 651 and 105?
21
Calculate the highest common divisor of 6888 and 840.
168
What is the greatest common divisor of 220 and 44?
44
What is the highest common divisor of 396 and 60?
12
Calculate the highest common factor of 180 and 140.
20
Calculate the greatest common divisor of 15 and 240.
15
Calculate the highest common divisor of 4290 and 546.
78
What is the highest common divisor of 48 and 8016?
48
Calculate the highest common divisor of 1085 and 175.
35
Calculate the highest common divisor of 4 and 412.
4
What is the highest common factor of 108 and 24?
12
What is the greatest common divisor of 71 and 1633?
71
What is the greatest common divisor of 1780 and 20?
20
Calculate the highest common factor of 156 and 1482.
78
Calculate the highest common divisor of 1034 and 418.
22
What is the greatest common divisor of 5012 and 112?
28
What is the greatest common divisor of 14 and 448?
14
Calculate the highest common divisor of 88 and 344.
8
What is the greatest common divisor of 130 and 110?
10
What is the highest common factor of 12357 and 18?
9
Calculate the greatest common factor of 6750 and 45.
45
Calculate the greatest common factor of 11 and 17237.
11
Calculate the greatest common divisor of 915 and 165.
15
Calculate the greatest common divisor of 44 and 44.
44
Calculate the highest common factor of 20 and 620.
20
What is the greatest common factor of 18 and 426?
6
Calculate the greatest common divisor of 7 and 119.
7
What is the highest common factor of 47 and 1739?
47
Calculate the highest common factor of 493 and 68.
17
Calculate the greatest common factor of 120 and 33960.
120
Calculate the greatest common divisor of 16 and 44.
4
Calculate the greatest common factor of 17113 and 109.
109
What is the greatest common divisor of 846 and 54?
18
Calculate the highest common factor of 189 and 18.
9
Calculate the highest common factor of 259 and 111.
37
Calculate the highest common factor of 376 and 8.
8
Calculate the greatest common divisor of 76 and 2014.
38
What is the greatest common divisor of 280 and 4?
4
What is the highest common factor of 27 and 189?
27
What is the highest common divisor of 276 and 759?
69
What is the greatest common factor of 4142 and 950?
38
Calculate the highest common divisor of 60 and 11955.
15
What is the greatest common divisor of 8138 and 52?
26
What is the highest common factor of 24 and 174?
6
Calculate the highest common divisor of 405 and 45.
45
Calculate the greatest common factor of 33 and 9.
3
What is the greatest common divisor of 2500 and 50?
50
What is the greatest common factor of 147 and 273?
21
What is the greatest common divisor of 85 and 9265?
85
What is the greatest common factor of 1309 and 1540?
77
Calculate the highest common divisor of 168 and 896.
56
What is the highest common factor of 1988 and 1876?
28
What is the greatest common divisor of 468 and 195?
39
What is the highest common divisor of 48 and 400?
16
Calculate the highest common factor of 568 and 32.
8
Calculate the greatest common divisor of 16 and 304.
16
Calculate the greatest common factor of 12031 and 212.
53
What is the highest common factor of 1280 and 100?
20
What is the highest common divisor of 273 and 39?
39
What is the greatest common divisor of 15 and 1200?
15
What is the greatest common factor of 473 and 86?
43
Calculate the greatest common factor of 4563 and 513.
27
What is the highest common divisor of 36 and 396?
36
What is the highest common divisor of 144 and 504?
72
What is the highest common factor of 3286 and 62?
62
What is the highest common factor of 170 and 935?
85
What is the highest common factor of 52 and 4108?
5